- 4*w + 9999 + 393 = 0. What is the highest common factor of 23 and q?
23
Let y = -22 + 25. Suppose -y*m + 1 = -p + 5, 3*p - 12 = 4*m. Suppose m = -7*l + 474 + 51. Calculate the greatest common factor of l and 15.
15
Suppose 0 = f + 4*c - 20, -10*c + 40 = 2*f - 12*c. Let u be ((-30)/9)/(2/(-6)). What is the highest common factor of u and f?
10
Let y(q) = 2*q**3 - 23*q**2 - 11*q - 31. Let z be y(13). What is the highest common divisor of 37 and z?
37
Let p = 320 - 59. Calculate the highest common divisor of p and 58.
29
Let z = -1 - -4. Let m be (18 - 3/z) + 3. What is the highest common divisor of 4 and m?
4
Suppose 0*i = -n - 2*i + 60, -5*n - 5*i + 285 = 0. Let c = -43 + n. Suppose p = 5*l + 62, -5*p = -l - 344 - 38. What is the highest common divisor of c and p?
11
Suppose -6*y = -221 - 1009. What is the greatest common divisor of y and 123?
41
Let u be (-22)/(-18) + 4/(-18). Let g be -14 - (-1)/(u/(-1)). Let y be 34/(-3)*g/2. What is the greatest common divisor of 17 and y?
17
Suppose 2*b - 2*q = 82, 42*q - 46*q - 92 = -2*b. What is the highest common factor of 24 and b?
12
Suppose -5*y + i = 150, -4*y - i - 3*i = 120. Let o be (15/9)/(y/(-36)). Calculate the greatest common divisor of o and 5.
1
Let y(k) = -k**2 + 18*k - 30. Let w be y(16). Let s(n) = -n. Let h be s(-5). Suppose -4*t = -h*t + w. What is the highest common factor of 6 and t?
2
Let k = -21 - -23. Suppose -k*y = 8, y - 196 = -q - q. What is the greatest common divisor of q and 20?
20
Let o(i) = -i**3 + 12*i**2 - 11*i - 5. Let m be o(11). Let u be (-11 - -2)*(-2 + m). What is the highest common factor of 42 and u?
21
Suppose -97 + 9 = -4*z. Let m = z - 18. Suppose -4*s - 2*t + 274 = 0, -3*t + 436 = m*s + 165. What is the greatest common divisor of s and 14?
14
Let u(a) = 2*a**2 - 9*a + 9. Let x be u(3). Let v be -2*(-104)/48*(3 + x). Calculate the highest common divisor of 208 and v.
13
Suppose 32 = 5*g - 4*h, g - 2 = -2*h - 4. Let o(n) = 25*n + 2. Let m be o(g). Calculate the highest common factor of m and 34.
34
Let a(c) = 16*c**2 + 5*c + 3. Let r be a(-3). Suppose j + 2*j = -r. Let k = -28 - j. What is the highest common divisor of 24 and k?
8
Let b = -45 + 18. Let d be 18/b - (-100)/6. Calculate the greatest common divisor of 176 and d.
16
Let r(q) = 1 + 3*q - 4*q + 6*q + 2*q**2 + 0. Let z be r(-3). Suppose 4*m - 105 = -h, h - m = -z*m + 100. What is the greatest common factor of 34 and h?
17
Suppose -59 = -4*p + 277. Calculate the greatest common factor of p and 28.
28
Let u be 8/32 + (-79)/(-4) - 4. Calculate the highest common factor of 4 and u.
4
Suppose -45 = -5*l + 3*p - 117, -56 = 4*l - 2*p. Let a be 6 + l/(-4) - -3. Calculate the greatest common factor of a and 2.
2
Let c = 7 - 3. Suppose -v = v - c. Let q be 9 + -4 + 2 - v. What is the greatest common divisor of 15 and q?
5
Let d(b) = b**2 + 10*b + 21. Let j be d(-3). Suppose -2*y + 339 + 269 = j. What is the highest common divisor of y and 38?
38
Let b be 1 + 452 + -2 - (-1 - 3). Let y be 1/2 - b/(-26). What is the greatest common factor of 126 and y?
18
Suppose 5*o = -5*u - 10, 5*o = 7*u - 2*u + 20. Let r(y) = -5*y**2 - 2*y - 6. Let k be r(u). Let d = k + 125. Calculate the highest common divisor of d and 10.
10
Suppose 3*n - 2*t - 161 - 102 = 0, 0 = -5*t - 5. What is the highest common divisor of n and 1479?
87
Suppose 10*k = 214 - 54. Calculate the highest common factor of 40 and k.
8
Let x(g) = 7*g**2 + g + 1216. Let m be x(0). Calculate the greatest common factor of 38 and m.
38
Let s be -4 - (-7)/(2 + -1). Suppose 3*o - 5 = -b, -20 = -5*b + s*b + 4*o. Calculate the highest common divisor of 20 and b.
4
Suppose 0 = 6*p - 4*p - 34. Suppose -p*l + 317 + 516 = 0. Let n be -14*(0 - (-1)/(-2)). Calculate the highest common divisor of n and l.
7
Let q(v) = -14*v**3 + v**2 + 2. Let m be q(2). Let s = 234 + m. Let o = 3054 + -3038. What is the highest common factor of s and o?
16
Let f be (-18)/(-135)*459 + (-12)/10. What is the greatest common factor of 36 and f?
12
Suppose -3*u - i = -1, -2*u + 0*u + 14 = -2*i. Suppose u*o - 32 = 52. What is the highest common factor of o and 6?
6
Let r be (-392)/(-12) - 2/(-6). Let j = 2 - -20. Calculate the highest common divisor of j and r.
11
Suppose -3*k = k - x - 144, -2*x - 78 = -2*k. Let f = k + -20. What is the greatest common factor of 15 and f?
15
Let v = 2 + 10. Let q be ((-365)/(-219))/((-10)/(-36)). Calculate the highest common divisor of v and q.
6
Let g(o) = -4 - o**2 + o**3 - 3*o**2 + 3*o**2 + 0*o**3 - 6*o. Let q be g(5). What is the highest common factor of q and 33?
33
Let n be 4 + (0 - 3) + 29. Let a be (-2)/4 + n/12. Suppose -1345 = -5*u - 4*l - l, -254 = -u + a*l. Calculate the highest common divisor of 24 and u.
24
Let o(b) = b**3 - 8*b**2 - 8*b - 16. Let w be o(9). Let i be 98/w*(3 + -8). Suppose 0 = 2*y - 26 + 6. Calculate the highest common divisor of y and i.
10
Let k = -10 - -12. Let j be k/(-3)*(-564)/8. Suppose -5*p + 78 + j = 0. What is the greatest common divisor of 5 and p?
5
Let u(q) = -3*q**2 - 32*q + 480. Let m be u(0). Calculate the highest common factor of 864 and m.
96
Let a(x) = -22*x + 1. Let b be a(-2). Let j be b - 1*(-6 - -3). Suppose 90 = 2*t + 13*t. What is the greatest common divisor of t and j?
6
Let l = -558 + 601. What is the highest common divisor of 344 and l?
43
Let r be 17/6 - ((-115)/(-30) + -4). Suppose -r*x = 3*x - 36. Calculate the highest common factor of x and 30.
6
Let g(q) = 21*q**3. Let i be g(-1). Let p be (-6)/i + 60/35. Suppose -25 = -p*m + 25. Calculate the highest common divisor of m and 75.
25
Suppose 2*p - 92 + 16 = 0. What is the greatest common factor of p and 57?
19
Let g = 10 - -5. Let l(b) = -11*b + 43. Let x be l(-7). What is the highest common divisor of g and x?
15
Suppose 0 = 40*v - 35*v - 40. Suppose h = v*h - 175. Calculate the greatest common divisor of 5 and h.
5
Let p be (10/(-4))/(3/(-6)). Suppose -195 = -4*d + 141. Suppose h + d = p*h. What is the highest common divisor of h and 231?
21
Let m(o) = -14*o - 260. Let y be m(-19). What is the highest common factor of 102 and y?
6
Let m(j) = 9*j. Suppose -g = g - 4. Let y be m(g). Let u = 47 + -38. Calculate the highest common divisor of y and u.
9
Let f(w) be the second derivative of 9*w**5/20 + 2*w**3/3 - 5*w**2/2 - 22*w. Let o be f(3). Calculate the highest common divisor of o and 50.
50
Let r be 4*1/(-3)*87/(-58). Let s(q) = 3*q - 1. Let h be s(1). Suppose -h*p + 54 = -r. What is the greatest common factor of 14 and p?
14
Suppose -3*n = -4*l - 2052, 3*n - 1843 = 5*l + 209. What is the highest common divisor of n and 38?
38
Suppose -2*k - 24*t + 20*t + 56 = 0, k - 3*t = 23. Calculate the highest common divisor of k and 741.
13
Let f be ((-88)/33)/(1/(-69)). Calculate the greatest common factor of f and 69.
23
Let g = 66 + 558. What is the greatest common divisor of 52 and g?
52
Let k = -84 - -86. Suppose 32 = o - 3*r, 10 + k = 3*r. Calculate the greatest common divisor of 88 and o.
44
Suppose -4*j - j = -4*t - 140, -4*j + t + 112 = 0. Calculate the greatest common factor of 140 and j.
28
Suppose 0 = 4*k - 10*s - 478, -7*s + 9*s = 2*k - 230. What is the greatest common factor of k and 91?
7
Suppose -402 = -5*d - 3*v, 2*v - 326 = -4*d + 4*v. Let q = d - 75. What is the greatest common divisor of 8 and q?
2
Let c(f) = -15*f**3 + 5*f**2 + 24*f + 62. Let o be c(-3). Calculate the greatest common divisor of o and 110.
110
Let i(a) = 2*a**2 + 89*a - 39. Let y be i(-48). What is the highest common divisor of 11 and y?
11
Suppose -754 = z - 2149. Suppose 14*m = 9*m + z. What is the greatest common divisor of 31 and m?
31
Suppose -4*j + 5 = -5*g - 41, -j - 2*g + 18 = 0. Let r = 838 - 740. Calculate the highest common factor of r and j.
14
Suppose 323 = 6*b - 1309. What is the highest common divisor of 221 and b?
17
Let y be 2/(-2 - 4/(-1)). Let i(j) = j**3 + 13*j**2 + 2. Let a be i(-13). What is the highest common factor of a and y?
1
Suppose -3*q - 8 = -2*l - 22, 3*q = -4*l - 10. Suppose -5*f = -q*f - 87. Let g = f + -13. What is the highest common factor of 128 and g?
16
Let b(z) = 11*z**2 + 40*z - 1. Let w be b(-4). Suppose 0 = j + 55 - 193. Suppose 468 - j = 2*r. Calculate the highest common factor of w and r.
15
Suppose 0 = -11*s - 5*s + 2112. Supp